6*i - i - 25 = n. Let s = a + i. What are the prime factors of s?
2, 13
Suppose 3262 = 12*i + 2*i. Let z = i + -141. List the prime factors of z.
2, 23
Let r = 23 - 43. Let m be ((-28)/r + -1)*10. Let w(b) = b**2 - 3*b + 8. List the prime factors of w(m).
2, 3
Let i(b) = 3*b**2 + 5*b + 24. Let h be i(10). Let f = h - 219. List the prime factors of f.
5, 31
List the prime factors of (-2*(-4)/(-24))/(14/(-123186)).
7, 419
Let s be (-1)/6 - (-125)/(-6). Let c be (-3)/6 + s/(-2). What are the prime factors of (-15)/(-6)*16/c?
2
Suppose -a - 5*j + 767 = 0, 0 = -2*a + 46*j - 48*j + 1534. What are the prime factors of a?
13, 59
Let c = 59 - 27. Let g = c + -16. What are the prime factors of g?
2
Let r(x) = x**3 + 24*x**2 - 9*x - 17. List the prime factors of r(-24).
199
Suppose 2*m - 4466 = 5*i, -2*i = 4*m - 1371 - 7537. List the prime factors of m.
2, 557
Suppose -5*n - 2*m = -2*n - 512, 5*n = -5*m + 860. List the prime factors of n.
2, 3, 7
Let t(i) be the second derivative of 3/2*i**3 - 11*i + 5/2*i**2 + 0. List the prime factors of t(2).
23
Let r(y) = -y + 4. Let i be r(2). Suppose 0 = 2*j + b + b - 40, i*j + b - 40 = 0. What are the prime factors of j?
2, 5
Let w = 48 - 46. List the prime factors of ((-16)/16)/(w/(-46)).
23
Suppose 0 = 2*q - 3*c - 782, 0 = -2*q + 6*q + 4*c - 1544. List the prime factors of q.
2, 97
List the prime factors of 991870/275 - (-4)/(-5).
2, 3, 601
What are the prime factors of (0/(-1) + -16)/(123/(-492))?
2
Let q = -190 + 350. Suppose 5*o = -2*t + 1110, q = -2*o + t + 613. List the prime factors of o.
2, 7
Suppose n - 5*n + 1265 = 5*h, 948 = 3*n + 3*h. Suppose 0*m = 3*m - n. Suppose -p + m = 4*p. What are the prime factors of p?
3, 7
Let o be ((-14)/(-4))/((-2)/(-20)). Suppose 4*v + m - 48 = 0, m - 6*m - o = -5*v. What are the prime factors of v?
11
Let b = 29 + -23. Let a be (-2 + (b - 0))*1. List the prime factors of a/26 + 1671/39.
43
Suppose 93*g - 3497 = 23194. List the prime factors of g.
7, 41
Let f(l) = -2*l**2 + 37*l - 10. Let n be (17/(-2)*(6 + -8))/1. List the prime factors of f(n).
41
Suppose -5*k + 19 = 3*z, -k = -5*z + k + 11. Suppose -z*l + 5*f + 772 = 0, -l + 27 + 221 = -4*f. List the prime factors of l.
2, 3, 11
Let j be ((-4)/(-10))/(6 + 12724/(-2120)). Let o = j + 367. List the prime factors of o.
5, 31
Let k = 30 - 31. List the prime factors of k + 1 - -4 - -73.
7, 11
Let s(g) = -2*g**2 - 177*g - 1. List the prime factors of s(-11).
2, 3, 71
Let a be -2*((-175)/10)/7. Suppose 375 = a*r + 5*i, -4*r + i - 3*i + 306 = 0. What are the prime factors of r?
2, 3, 13
Let p(w) = -w**3 + 2*w**2 + 3*w + 2. Let i be p(3). Suppose 3*k - 28 = i. Suppose -62 = -3*z + k. What are the prime factors of z?
2, 3
Let a(u) = 13*u**2 + 7*u - 2. Let j be a(3). Let b = -97 + j. List the prime factors of b.
3, 13
Let m be (-6 + -1)*(-3 - (-45)/35). Suppose -3*s = -m, 3*o - 7*s - 274 = -8*s. What are the prime factors of o?
2, 3, 5
Suppose 452 = 8*q - 12. What are the prime factors of q?
2, 29
List the prime factors of 2424 + (-11 - (3 - 12 - -4)).
2, 3, 13, 31
Let h(g) = g**2 - 1. Let y be h(5). Suppose y = 2*c - 10. What are the prime factors of c?
17
List the prime factors of ((-44)/176)/(1/(-4252)).
1063
Let r be 33/(1 - -2) - 0. Let u = r + 44. Let h = -29 + u. What are the prime factors of h?
2, 13
Let o(u) = 30*u**2 + 14*u + 47. What are the prime factors of o(-4)?
3, 157
Let z(t) = t + 2. Let h be z(0). Suppose 9*p = 2*p. Suppose -n - h + 18 = p. List the prime factors of n.
2
Let y = 221 - 10. Let d = y + -113. List the prime factors of d.
2, 7
Suppose -2*v + 2*r = -24, -5*v = 7*r - 3*r - 33. Suppose 5*o + v + 1 = 0. List the prime factors of (o - 88)/(-3)*1.
2, 3, 5
Let v(g) = 2*g**2 - 5*g + 6. Let s(o) = 5*o**2 - 10*o + 13. Let r(y) = -6*s(y) + 13*v(y). Let w be r(-2). What are the prime factors of (16/w)/((-11)/132)?
2
Let d(o) = o**2 - 8*o - 17. Let r = 33 + -39. List the prime factors of d(r).
67
Let m be (12/(-7))/(2/14). Let i be 0*4*(-1)/m. Suppose -u + 2*g + 10 = i, 4*g = -u + 25 - 3. What are the prime factors of u?
2, 7
Let f(n) be the third derivative of 3*n**5/20 + 5*n**4/12 + 7*n**3/6 - 15*n**2. What are the prime factors of f(-4)?
3, 37
Let l = 36 - 116. Let o = 54 - l. What are the prime factors of o?
2, 67
Let w(c) = -2*c**2 - 3*c - 1. Let f be w(-1). Suppose f = 5*q - 162 + 62. List the prime factors of q.
2, 5
Suppose -6*w - 112 = -574. List the prime factors of w.
7, 11
What are the prime factors of 87 + 87 + 3*(-4)/6?
2, 43
Let i(d) = -3*d**2 + 3*d - 3. Let s(t) = -t. Let a be s(-2). Let b be i(a). Let z = b - -19. List the prime factors of z.
2, 5
Let n(b) = -7*b + 1. Let w(r) = 21*r - 3. Let d(l) = -8*n(l) - 3*w(l). Let z be d(-5). Let g = z + -10. List the prime factors of g.
2, 13
Let k be 120/28 - 8/28. Suppose q - 2 = 2*y, -k*q - 2*y + 8 = -6*y. Suppose 2*f - f = 4*d - 128, -2*d + 64 = -q*f. List the prime factors of d.
2
List the prime factors of ((-420)/(-7))/((-4)/(-10)).
2, 3, 5
List the prime factors of -5 + 0 + 12 + 264.
271
Let q(c) = c**2 + 7*c - 7. Let n be q(-9). Let y(f) = -35*f + 16. Let m(u) = -7*u + 3. Let b(a) = n*m(a) - 2*y(a). What are the prime factors of b(-2)?
3, 5
Suppose 8*k - 4*q - 4090 = 3*k, 2*k = -q + 1623. What are the prime factors of k?
2, 11, 37
Suppose -3*i = 3*d - 1815, 7*i - 6*i - 611 = 5*d. List the prime factors of i.
2, 3, 101
Suppose -3*p + 621 = -3*y, 4*p + 3*y + y = 860. List the prime factors of p.
211
Let z = 2538 + -1407. What are the prime factors of z?
3, 13, 29
Suppose 10 + 38 = -4*z. Let y = 19 + z. What are the prime factors of y?
7
Let a(y) = 111*y**2 - y + 1. List the prime factors of a(-2).
3, 149
Suppose 0 = i + 4*u + 4, 0 = 5*i + 4*u - 0*u + 36. What are the prime factors of 100/1*((-30)/i)/3?
5
Let r = -26 - -55. Let w = r - -45. Suppose -k - k = -w. What are the prime factors of k?
37
Suppose -6*n - 170 = -956. Suppose 0*j + t = 4*j - 127, n = 4*j + 3*t. List the prime factors of j.
2
Let h be (-3)/5 - 56/(-10). Let m(o) = -o - 1. Let i(x) = -9*x. Let z(j) = -i(j) + 2*m(j). List the prime factors of z(h).
3, 11
Suppose -5 = -0*g - g. Let h = -200 + 512. Suppose -h = z - g*z. List the prime factors of z.
2, 3, 13
What are the prime factors of ((-3)/(-5))/((-5)/(-2325))?
3, 31
Let m(p) be the second derivative of -3*p**3 - 3*p. Let a be m(-4). Suppose 10*d = 6*d + a. List the prime factors of d.
2, 3
Let j be (-2)/(-1)*(-2)/(-2). Let u be -2 + (1 - j) - -2. List the prime factors of 1 + 74 + u + -3.
71
Suppose 0 = -3*j + 14*j - 3674. What are the prime factors of j?
2, 167
Suppose -4*m + z + 4 = 0, 3*m = -0*m - 5*z - 20. Suppose 6*l - l - 490 = m. Let s = l + -70. What are the prime factors of s?
2, 7
Let k(m) = -106*m - 10. Let a be k(-6). Suppose -6*p + 4*f + a = -p, 2*p - 250 = 2*f. List the prime factors of p.
2, 3, 7
Suppose 2*a = -1 - 5. Suppose -1 - 36 = -l. Let q = a + l. What are the prime factors of q?
2, 17
Suppose 4*h - 2636 = 4*l + 956, 0 = -h - 2*l + 907. What are the prime factors of h?
17, 53
Suppose 0 = d - 0 + 46. What are the prime factors of (-6)/(3*1/d)?
2, 23
Suppose -46 = 3*c - c. Let q = -16 - c. Suppose 0 = -q*k + 4*k + 18. What are the prime factors of k?
2, 3
Let t(k) = -k + 6. Let a be t(12). Let w(s) = 3*s**2 + 7*s + 5. List the prime factors of w(a).
71
Let x = 215 + -1215. List the prime factors of x/(-70) + 4/(-14).
2, 7
Let p = -846 - -1660. Suppose 2389 - p = 5*q. List the prime factors of ((-8)/(-6))/(6/q).
2, 5, 7
Let n(m) = -m**3 - 7*m**2 + 8*m. Let z be n(-8). Suppose -4*g = -4*a + 32, -2*a + 3*g + 1 = -2*g. Suppose z = -l + a. What are the prime factors of l?
13
Suppose 24 + 30 = 3*i. What are the prime factors of 16/((4/i)/((-40)/(-24)))?
2, 3, 5
Let x = -859 - -1249. What are the prime factors of x?
2, 3, 5, 13
Let k(b) = 23*b + 3. Let d be k(-4). Let f = d - -61. Let n = f - -80. What are the prime factors of n?
2, 13
Let p = -484 + 887. Suppose -p = -5*s + 1092. Suppose 0 = 5*q + 5*d - 290, 2*d + s = 5*q - 2*d. What are the prime factors of q?
59
Let l be 1*-3*(5 - 6). Suppose -22 = l*n - 259. List the prime factors of n.
79
List the prime factors of (-12 + 8)/((-2)/811).
2, 811
Let j be 10 + (3 - 4)*3. Suppose -j = -x + 46. List the prime factors of x.
53
Suppose 4*x + 0*x = -2*n + 14, 4*n +